{"id":157,"date":"2020-02-20T11:39:45","date_gmt":"2020-02-20T14:39:45","guid":{"rendered":"http:\/\/cehap.pb.gov.br\/wordpress\/?page_id=157"},"modified":"2020-05-15T15:13:18","modified_gmt":"2020-05-15T18:13:18","slug":"links-uteis","status":"publish","type":"page","link":"http:\/\/cehap.pb.gov.br\/sitecehap\/links-uteis\/","title":{"rendered":"Links \u00fateis"},"content":{"rendered":"\n<p>Associa\u00e7\u00e3o Brasileira de COHABs e Agentes P\u00fablicos de Habita\u00e7\u00e3o (http:\/\/www.abc.habitacao.org.br\/)<br>\nCaixa Econ\u00f4mica Federal &#8211; Habita\u00e7\u00e3o (http:\/\/www.caixa.gov.br\/habitacao\/index.asp)<br>\nFNSHDU (http:\/\/forumdehabitacao.blogspot.com.br\/) <br>\nHabita\u00e7\u00e3o Nacional &#8211; Minist\u00e9rio das Cidades (http:\/\/www.cidades.gov.br\/index.php?option=com_content&amp;view=category&amp;layout=blog&amp;id=137&amp;Itemid=55)<br>\nMoradia Digna (http:\/\/www.moradiadigna.org.br\/moradiadigna\/v1\/index2.asp)<br>\nUni\u00e3o Nacional por Moradia Popular (http:\/\/www.unmp.org.br\/)<br>\nUni\u00e3o Nacional por Moradia Popular Para\u00edba (http:\/\/unmppb.blogspot.com.br\/)<\/p>\n","protected":false},"excerpt":{"rendered":"<p>Associa\u00e7\u00e3o Brasileira de COHABs e Agentes P\u00fablicos de Habita\u00e7\u00e3o (http:\/\/www.abc.habitacao.org.br\/) Caixa Econ\u00f4mica Federal &#8211; Habita\u00e7\u00e3o (http:\/\/www.caixa.gov.br\/habitacao\/index.asp) FNSHDU (http:\/\/forumdehabitacao.blogspot.com.br\/) Habita\u00e7\u00e3o Nacional &#8211; Minist\u00e9rio das Cidades (http:\/\/www.cidades.gov.br\/index.php?option=com_content&amp;view=category&amp;layout=blog&amp;id=137&amp;Itemid=55) Moradia Digna (http:\/\/www.moradiadigna.org.br\/moradiadigna\/v1\/index2.asp) Uni\u00e3o Nacional por Moradia Popular (http:\/\/www.unmp.org.br\/) Uni\u00e3o Nacional por Moradia Popular Para\u00edba (http:\/\/unmppb.blogspot.com.br\/)<\/p>\n","protected":false},"author":1,"featured_media":40,"parent":0,"menu_order":0,"comment_status":"closed","ping_status":"closed","template":"","meta":{"_et_pb_use_builder":"off","_et_pb_old_content":"","_et_gb_content_width":"1080","footnotes":""},"class_list":["post-157","page","type-page","status-publish","has-post-thumbnail","hentry"],"_links":{"self":[{"href":"http:\/\/cehap.pb.gov.br\/sitecehap\/wp-json\/wp\/v2\/pages\/157","targetHints":{"allow":["GET"]}}],"collection":[{"href":"http:\/\/cehap.pb.gov.br\/sitecehap\/wp-json\/wp\/v2\/pages"}],"about":[{"href":"http:\/\/cehap.pb.gov.br\/sitecehap\/wp-json\/wp\/v2\/types\/page"}],"author":[{"embeddable":true,"href":"http:\/\/cehap.pb.gov.br\/sitecehap\/wp-json\/wp\/v2\/users\/1"}],"replies":[{"embeddable":true,"href":"http:\/\/cehap.pb.gov.br\/sitecehap\/wp-json\/wp\/v2\/comments?post=157"}],"version-history":[{"count":1,"href":"http:\/\/cehap.pb.gov.br\/sitecehap\/wp-json\/wp\/v2\/pages\/157\/revisions"}],"predecessor-version":[{"id":158,"href":"http:\/\/cehap.pb.gov.br\/sitecehap\/wp-json\/wp\/v2\/pages\/157\/revisions\/158"}],"wp:featuredmedia":[{"embeddable":true,"href":"http:\/\/cehap.pb.gov.br\/sitecehap\/wp-json\/wp\/v2\/media\/40"}],"wp:attachment":[{"href":"http:\/\/cehap.pb.gov.br\/sitecehap\/wp-json\/wp\/v2\/media?parent=157"}],"curies":[{"name":"wp","href":"https:\/\/api.w.org\/{rel}","templated":true}]}}